atest common divisor of 1185 and 15?
15
Calculate the greatest common factor of 20828 and 1270.
254
Calculate the greatest common factor of 512 and 64.
64
What is the greatest common divisor of 117 and 2847?
39
Calculate the greatest common divisor of 80 and 15.
5
Calculate the greatest common factor of 72 and 264.
24
Calculate the greatest common factor of 370 and 1628.
74
Calculate the greatest common factor of 12 and 492.
12
Calculate the highest common divisor of 42 and 322.
14
Calculate the highest common divisor of 6726 and 3894.
354
Calculate the highest common divisor of 783 and 87.
87
What is the highest common factor of 480 and 780?
60
Calculate the greatest common factor of 12 and 66.
6
Calculate the highest common factor of 11145 and 30.
15
Calculate the highest common divisor of 50 and 275.
25
Calculate the highest common divisor of 6 and 12.
6
Calculate the highest common factor of 866 and 2.
2
What is the greatest common divisor of 330 and 4686?
66
Calculate the greatest common factor of 3013 and 46.
23
What is the greatest common factor of 247 and 1007?
19
What is the highest common divisor of 50 and 30?
10
What is the highest common divisor of 9 and 801?
9
What is the greatest common factor of 190 and 285?
95
What is the greatest common divisor of 128 and 352?
32
What is the highest common divisor of 35 and 28?
7
Calculate the highest common factor of 390 and 1050.
30
Calculate the highest common divisor of 688 and 48.
16
What is the greatest common factor of 38 and 3078?
38
What is the highest common factor of 2603 and 38?
19
What is the highest common factor of 99 and 561?
33
What is the greatest common divisor of 4 and 20?
4
Calculate the highest common factor of 11 and 341.
11
Calculate the highest common divisor of 5796 and 84.
84
Calculate the greatest common divisor of 2 and 8623.
1
What is the highest common divisor of 75 and 275?
25
What is the highest common factor of 13865 and 295?
295
What is the greatest common divisor of 2952 and 4?
4
Calculate the highest common factor of 51 and 68.
17
What is the highest common factor of 10 and 5710?
10
Calculate the highest common divisor of 12 and 87.
3
What is the greatest common factor of 87 and 203?
29
What is the greatest common divisor of 1 and 89?
1
Calculate the greatest common divisor of 286 and 3289.
143
What is the highest common factor of 19169 and 29?
29
Calculate the greatest common factor of 585 and 369.
9
Calculate the highest common factor of 84 and 21.
21
Calculate the greatest common divisor of 672 and 540.
12
Calculate the highest common divisor of 136 and 85.
17
What is the highest common divisor of 1188 and 27?
27
Calculate the greatest common divisor of 515 and 5.
5
Calculate the greatest common divisor of 25315 and 1245.
415
Calculate the greatest common divisor of 14912 and 64.
64
What is the highest common factor of 111 and 518?
37
What is the greatest common factor of 176 and 132?
44
Calculate the greatest common divisor of 13 and 9.
1
Calculate the highest common divisor of 9 and 5175.
9
What is the highest common divisor of 851 and 37?
37
What is the highest common divisor of 16 and 131?
1
Calculate the highest common factor of 549 and 122.
61
Calculate the greatest common divisor of 10 and 430.
10
Calculate the greatest common factor of 144 and 400.
16
Calculate the highest common divisor of 4424 and 14.
14
Calculate the greatest common factor of 8 and 376.
8
What is the highest common divisor of 17 and 1054?
17
Calculate the highest common divisor of 144 and 2502.
18
Calculate the highest common factor of 48 and 4332.
12
Calculate the greatest common factor of 608 and 2592.
32
What is the highest common divisor of 165 and 10?
5
What is the highest common divisor of 65 and 26?
13
What is the highest common divisor of 2 and 16?
2
Calculate the greatest common divisor of 318 and 56922.
318
Calculate the greatest common factor of 4531 and 23.
23
Calculate the highest common factor of 12590 and 25.
5
What is the highest common divisor of 1056 and 1188?
132
Calculate the highest common factor of 1280 and 80.
80
Calculate the greatest common factor of 1744 and 981.
109
What is the highest common factor of 1205 and 35?
5
Calculate the greatest common factor of 20 and 620.
20
What is the greatest common divisor of 187 and 51?
17
What is the greatest common factor of 99 and 1161?
9
Calculate the greatest common factor of 805 and 23.
23
What is the highest common divisor of 138 and 6?
6
Calculate the greatest common divisor of 1566 and 87.
87
What is the highest common divisor of 906 and 6?
6
Calculate the greatest common divisor of 39 and 442.
13
Calculate the greatest common divisor of 4161 and 57.
57
Calculate the highest common factor of 30 and 825.
15
What is the highest common divisor of 760 and 80?
40
Calculate the highest common divisor of 528 and 348.
12
What is the greatest common divisor of 272 and 102?
34
What is the highest common factor of 324 and 1188?
108
What is the greatest common factor of 31 and 8804?
31
Calculate the greatest common factor of 208 and 650.
26
What is the greatest common divisor of 52 and 39?
13
Calculate the highest common divisor of 207 and 529.
23
Calculate the highest common divisor of 492 and 574.
82
What is the greatest common divisor of 25250 and 303?
101
Calculate the greatest common factor of 475 and 3175.
25
What is the greatest common divisor of 1339 and 6592?
103
Calculate the highest common divisor of 54 and 24.
6
Calculate the greatest common divisor of 114 and 874.
38
Calculate the greatest common divisor of 884 and 612.
68
Calculate the greatest common factor of 88 and 341.
11
What is the greatest common divisor of 8 and 932?
4
What is the greatest common divisor of 63 and 27?
9
Calculate the highest common divisor of 1316 and 3008.
188
Calculate the highest common factor of 828 and 108.
36
What is the highest common divisor of 204 and 60?
12
What is the greatest common divisor of 77 and 25718?
77
What is the greatest common factor of 31941 and 182?
91
Calculate the highest common divisor of 135 and 75.
15
Calculate the highest common divisor of 165 and 15.
15
What is the highest common divisor of 9 and 441?
9
What is the highest common factor of 116 and 15718?
58
What is the highest common factor of 2940 and 784?
196
What is the greatest common divisor of 28 and 56?
28
Calculate the highest common factor of 36823 and 23.
23
Calculate the highest common factor of 13332 and 24.
12
Calculate the greatest common factor of 78 and 6890.
26
Calculate the highest common factor of 69 and 299.
23
What is the highest common factor of 1 and 47?
1
What is the greatest common divisor of 402 and 6?
6
What is the greatest common factor of 54 and 4362?
6
Calculate the greatest common divisor of 1431 and 216.
27
What is the greatest common divisor of 1064 and 112?
56
What is the highest common divisor of 23 and 2139?
23
Calculate the highest common factor of 15 and 21.
3
Calculate the greatest common divisor of 31823 and 263.
263
Calculate the highest common divisor of 24 and 3912.
24
Calculate the greatest common divisor of 3432 and 780.
156
Calculate the greatest common factor of 120 and 660.
60
What is the greatest common divisor of 100 and 1400?
100
Calculate the greatest common factor of 3822 and 195.
39
What is the highest common factor of 135 and 81?
27
What is the greatest common divisor of 5050 and 50?
50
What is the greatest common factor of 1530 and 18?
18
What is the greatest common divisor of 699 and 15?
3
What is the greatest common factor of 2 and 18?
2
What is the greatest common factor of 1407 and 6?
3
Calculate the highest common factor of 1812 and 24.
12
What is the greatest common divisor of 36 and 192?
12
What is the greatest common factor of 34 and 1377?
17
Calculate the highest common factor of 595 and 105.
35
What is the greatest common divisor of 64 and 488?
8
What is the greatest common factor of 1008 and 400?
16
Calculate the greatest common factor of 396 and 288.
36
What is the highest common divisor of 90 and 150?
30
What is the highest common divisor of 160 and 128?
32
What is the highest common factor of 96 and 352?
32
What is the greatest common factor of 1804 and 429?
11
What is the hi